ate the remainder when 15429 is divided by 5123.
60
Calculate the remainder when 27057 is divided by 2253.
21
What is the remainder when 18842 is divided by 4660?
202
Calculate the remainder when 79023 is divided by 5.
3
What is the remainder when 466902 is divided by 794?
30
What is the remainder when 1802 is divided by 256?
10
Calculate the remainder when 5015320 is divided by 47.
44
Calculate the remainder when 29487 is divided by 339.
333
Calculate the remainder when 778 is divided by 196.
190
What is the remainder when 5423 is divided by 24?
23
What is the remainder when 822277 is divided by 131?
121
What is the remainder when 100002 is divided by 641?
6
What is the remainder when 427637 is divided by 142542?
11
Calculate the remainder when 10172719 is divided by 1259.
1258
What is the remainder when 15484 is divided by 85?
14
Calculate the remainder when 3519 is divided by 44.
43
What is the remainder when 19063 is divided by 7?
2
What is the remainder when 22241 is divided by 2020?
21
What is the remainder when 5880 is divided by 14?
0
Calculate the remainder when 6524 is divided by 3172.
180
Calculate the remainder when 7148 is divided by 1421.
43
Calculate the remainder when 250950 is divided by 265.
260
Calculate the remainder when 5712 is divided by 6.
0
What is the remainder when 2731 is divided by 32?
11
What is the remainder when 624 is divided by 593?
31
What is the remainder when 364008 is divided by 16?
8
Calculate the remainder when 456190 is divided by 216.
214
Calculate the remainder when 31412 is divided by 66.
62
Calculate the remainder when 7983 is divided by 1851.
579
What is the remainder when 1983 is divided by 945?
93
Calculate the remainder when 1334 is divided by 325.
34
Calculate the remainder when 109455 is divided by 36476.
27
What is the remainder when 3258 is divided by 1074?
36
Calculate the remainder when 9608 is divided by 4796.
16
What is the remainder when 1292 is divided by 746?
546
What is the remainder when 15315 is divided by 138?
135
Calculate the remainder when 3574 is divided by 12.
10
What is the remainder when 189859 is divided by 94907?
45
Calculate the remainder when 1457 is divided by 4.
1
What is the remainder when 1795193 is divided by 1700?
1693
What is the remainder when 1502 is divided by 33?
17
What is the remainder when 304 is divided by 287?
17
Calculate the remainder when 693 is divided by 9.
0
Calculate the remainder when 5833 is divided by 2903.
27
Calculate the remainder when 6194 is divided by 3092.
10
What is the remainder when 27193 is divided by 8?
1
Calculate the remainder when 3583 is divided by 595.
13
What is the remainder when 14567 is divided by 624?
215
What is the remainder when 1272 is divided by 7?
5
Calculate the remainder when 513343 is divided by 10922.
9
What is the remainder when 6411 is divided by 337?
8
Calculate the remainder when 215234 is divided by 458.
432
What is the remainder when 93852 is divided by 23462?
4
Calculate the remainder when 2877 is divided by 711.
33
Calculate the remainder when 42839 is divided by 5.
4
Calculate the remainder when 36409 is divided by 306.
301
Calculate the remainder when 1703 is divided by 544.
71
Calculate the remainder when 2066 is divided by 1892.
174
Calculate the remainder when 737934 is divided by 136.
134
Calculate the remainder when 5977 is divided by 52.
49
Calculate the remainder when 35407 is divided by 473.
405
Calculate the remainder when 42599 is divided by 142.
141
What is the remainder when 97229 is divided by 392?
13
What is the remainder when 1492172 is divided by 12?
8
Calculate the remainder when 5432 is divided by 151.
147
Calculate the remainder when 61207 is divided by 102.
7
Calculate the remainder when 85869 is divided by 85853.
16
What is the remainder when 224087 is divided by 26?
19
Calculate the remainder when 113156 is divided by 4.
0
What is the remainder when 3055 is divided by 1526?
3
Calculate the remainder when 1172355 is divided by 4.
3
Calculate the remainder when 177 is divided by 69.
39
Calculate the remainder when 1231 is divided by 85.
41
What is the remainder when 7290 is divided by 2417?
39
Calculate the remainder when 4174 is divided by 68.
26
Calculate the remainder when 32261 is divided by 67.
34
What is the remainder when 343667 is divided by 39?
38
Calculate the remainder when 2151 is divided by 647.
210
Calculate the remainder when 34 is divided by 5.
4
Calculate the remainder when 167376 is divided by 17.
11
What is the remainder when 2615 is divided by 121?
74
What is the remainder when 214848 is divided by 7?
4
Calculate the remainder when 3188 is divided by 398.
4
What is the remainder when 125979 is divided by 13?
9
What is the remainder when 34599 is divided by 11517?
48
Calculate the remainder when 16802 is divided by 280.
2
What is the remainder when 4979 is divided by 139?
114
Calculate the remainder when 53701 is divided by 410.
401
What is the remainder when 140314 is divided by 66?
64
What is the remainder when 7385 is divided by 106?
71
Calculate the remainder when 152570 is divided by 50855.
5
Calculate the remainder when 3058 is divided by 60.
58
Calculate the remainder when 7983 is divided by 421.
405
What is the remainder when 1314 is divided by 37?
19
What is the remainder when 161262 is divided by 453?
447
What is the remainder when 213167 is divided by 141?
116
What is the remainder when 70400 is divided by 407?
396
What is the remainder when 28366 is divided by 2025?
16
What is the remainder when 11015 is divided by 5507?
1
What is the remainder when 419 is divided by 325?
94
What is the remainder when 1386 is divided by 172?
10
What is the remainder when 53826 is divided by 180?
6
What is the remainder when 8372 is divided by 161?
0
Calculate the remainder when 595 is divided by 85.
0
What is the remainder when 2025 is divided by 1030?
995
Calculate the remainder when 3431 is divided by 80.
71
What is the remainder when 1240 is divided by 621?
619
What is the remainder when 12305 is divided by 164?
5
What is the remainder when 1837 is divided by 607?
16
Calculate the remainder when 22122 is divided by 47.
32
What is the remainder when 2473 is divided by 821?
10
What is the remainder when 5365 is divided by 2788?
2577
What is the remainder when 366015 is divided by 8?
7
Calculate the remainder when 8986 is divided by 360.
346
Calculate the remainder when 3663 is divided by 39.
36
What is the remainder when 79178 is divided by 54?
14
Calculate the remainder when 40386 is divided by 612.
606
Calculate the remainder when 642682 is divided by 85.
82
What is the remainder when 63331 is divided by 1218?
1213
What is the remainder when 2587 is divided by 301?
179
What is the remainder when 60043 is divided by 31?
27
What is the remainder when 13905 is divided by 123?
6
What is the remainder when 6247 is divided by 276?
175
Calculate the remainder when 1761042 is divided by 421.
420
What is the remainder when 1164 is divided by 145?
4
What is the remainder when 37990 is divided by 75?
40
What is the remainder when 10638 is divided by 507?
498
What is the remainder when 2361 is divided by 241?
192
Calculate the remainder when 1461740 is divided by 750.
740
What is the remainder when 914995 is divided by 62?
61
Calculate the remainder when 31397 is divided by 1013.
1007
Calculate the remainder when 4592 is divided by 108.
56
What is the remainder when 1332 is divided by 651?
30
Calculate the remainder when 130972 is divided by 8.
4
What is the remainder when 2359 is divided by 383?
61
What is the remainder when 128037 is divided by 282?
9
Calculate the remainder when 1851 is divided by 68.
15
What is the remainder when 6048 is divided by 2020?
2008
What is the remainder when 51667 is divided by 25817?
33
What is the remainder when 44440 is divided by 123?
37
Calculate the remainder when 756 is divided by 531.
225
Calculate the remainder when 27621 is divided by 2124.
9
What is the remainder when 5758 is divided by 1803?
349
What is the remainder when 86518 is divided by 226?
186
Calculate the remainder when 2530 is divided by 232.
210
What is the remainder when 22238 is divided by 261?
53
What is the remainder when 9388 is divided by 152?
116
Calculate the re